*2 - 13*g - 5. Let b be m(5). Let k(y) = y**3 - 2*y - 1. Let x be k(b). Let h = -55 + x. What are the prime factors of h?
59
Let r(x) = -x**3 - 12*x**2 - 12*x - 9. Let s be 3/(-2) + 304/(-32). Let q be r(s). Suppose q*l - l = 0, 3*l + 244 = 4*z. What are the prime factors of z?
61
Let c(h) = 2*h**3 - 15*h**2 - 7*h - 14. Let y be c(8). What are the prime factors of y/(-16) + 137228/224?
613
Suppose -4*k - 21746 = -4*s - 2386, 0 = 3*s + 3*k - 14496. List the prime factors of s.
2, 3, 13, 31
Let w(p) = 2782*p - 995. List the prime factors of w(6).
11, 1427
Let g(x) = -13*x - 9. Let i be g(-5). Let c be (i/(-70))/((-2)/5). Suppose c*b + 10 = 84. What are the prime factors of b?
37
Suppose q = -4*b - 276 - 243, -b - 120 = -3*q. Suppose 501 - 1605 = -6*h. Let s = b + h. What are the prime factors of s?
5, 11
Let j(w) = w**3 + 19*w**2 + 13*w - 9. Let r be j(-15). Suppose -2*t = 6, 5*o + 1051 = t - r. List the prime factors of (-14)/5*o/28.
5, 7
Let h be 16095/9 + 144/(-108). Let d = h + 187. What are the prime factors of d?
2, 3, 7, 47
Let x = 61 + 27. Suppose -b - u + 5*u = -37, x = 2*b - u. List the prime factors of b.
3, 5
Suppose -6 = 2*o - 4*y, 3*y + 2 = o + 5. Let t(r) be the second derivative of 5*r**4/4 + r**3/6 + 13*r**2/2 - 105*r - 7. What are the prime factors of t(o)?
5, 29
Let w(o) = o**3 - 5*o**2 - 4*o - 12. Let g be w(6). Suppose -3*n + 170 - 8 = g. Suppose p = -p + n. List the prime factors of p.
3
Suppose r - 10510 = -q, -704*q + 42040 = 4*r - 707*q. List the prime factors of r.
2, 5, 1051
Let r(s) = -s**3 + 10*s**2 + 3*s + 26. Suppose -4*u = -f - 33, -3*f = -0*f + 15. List the prime factors of r(u).
2, 97
Let j(l) = 346*l**3 - 1. Let o be j(1). Let g = o + -212. List the prime factors of g.
7, 19
Let l(f) = 110*f**2 + 209*f + 4011. What are the prime factors of l(-19)?
2, 3, 5, 53
Let w(k) = 32*k**2 - 9*k + 5. Let q be w(-5). What are the prime factors of q*(1 + -7)/(-12)?
5, 17
Suppose -3*a = -2*l - 1031, -6*a + a + 1689 = 4*l. Let k = -241 + a. Let z = 202 - k. What are the prime factors of z?
2, 3, 17
Suppose -5*y - 39157 = -5*q - 2*y, 5*q + 5*y - 39165 = 0. What are the prime factors of q?
2, 11, 89
Let i = 3 + -3. Suppose 3*v - 8*v + 4*o + 21 = i, -v + 3*o = -2. Suppose 0 = v*b - g - 360, -3*g + g - 10 = 0. List the prime factors of b.
71
Let f = 8876 - -3437. What are the prime factors of f?
7, 1759
Let w(g) = -g**3 + 7*g**2 + 70*g - 24. What are the prime factors of w(11)?
2, 131
Let f(h) = -21*h**2 + 8*h + 2. Let c be f(2). List the prime factors of 275/c + 4 - 19310/(-12).
1609
Let a(r) = r**2 - 22*r + 60. Let y be a(22). Let l = y + -50. Suppose -619 = -l*f + 1181. What are the prime factors of f?
2, 3, 5
Suppose 84*i - 224 = 76*i. List the prime factors of 8*i/(-21)*-69.
2, 23
Suppose 2*m = 2*c + 39770, -3*c - 26854 = 5*m - 126263. What are the prime factors of m?
59, 337
Suppose 4*w - 27904 = -7*v + 4685, 9342 = 2*v + 5*w. List the prime factors of v.
4651
Suppose -4*i + 11396 = -u - 15405, 0 = -2*i + 3*u + 13413. List the prime factors of i.
3, 7, 11, 29
List the prime factors of (-2)/(4/(-1002))*25*(-7)/(-175).
3, 167
Let d = 480 - 478. Suppose -13300 = -d*r - 17*r. What are the prime factors of r?
2, 5, 7
Let d be (-9 - 273/(-35))/(3/(-10)). Suppose -752 - 1368 = -d*c. What are the prime factors of c?
2, 5, 53
What are the prime factors of 2670 + (2 - -9) - -6?
2687
Let t(v) = -v**2 - 46*v - 282. Let r be t(-36). Let u = -15 + 22. Suppose u*a - 8*a = -r. List the prime factors of a.
2, 3, 13
Let r(c) = -2*c**3 - 12*c**2 + c + 8. Let h be r(-6). Suppose g + 143 = -x, x + 143 = 2*g + h*g. Let o = x - -215. List the prime factors of o.
2, 3
Suppose 4*i = 3*v - 18765, v + i - 2489 - 3752 = 0. List the prime factors of v.
6247
Suppose 4*x - 9*p - 164839 = 0, -28*x = -30*x - 5*p + 82391. List the prime factors of x.
41203
Suppose -30*r - 18216 = -12*r. Let q = r + 463. List the prime factors of q/(-5) - (-19)/95.
2, 5, 11
Let s(u) = u**3 + 11*u**2 - 11*u + 16. Suppose -2*b - b = 36. Let h be s(b). Suppose -x - 3*t = 2*t - 221, 663 = 3*x - h*t. What are the prime factors of x?
13, 17
Let a = 110 - 104. Suppose 5*n = a*n - 90. Suppose -2*w + n = i, 0*i - 5*i - 4*w = -474. What are the prime factors of i?
2, 7
Let s(w) = w**3 - 18*w**2 - 25*w + 17. Let r be s(20). Let a = 351 + r. What are the prime factors of a?
2, 167
Suppose 0 = -f + 3, 12585 = -1426*r + 1427*r + 4*f. List the prime factors of r.
3, 11, 127
Let i(t) = 8*t + 54. Let z be i(-7). Let v be (2/z + -23)/((-87)/116). Suppose v*f - 29*f = 54. What are the prime factors of f?
2, 3
Suppose -27*k + 2*o = -32*k + 89620, 89605 = 5*k - o. List the prime factors of k/145*(-2 - -17)/3.
2, 3, 103
Let k(i) be the third derivative of -17*i**4/12 + 34*i**3/3 - 2*i**2 - 2. List the prime factors of k(-17).
2, 17, 19
Let s = 5502 + -4226. What are the prime factors of s?
2, 11, 29
Let v = -98 - -96. List the prime factors of (2 - -176) + (-6 - v).
2, 3, 29
Suppose -40 = 5*m - 60. Suppose -2*d = -m*y - 598, 5*y - 429 = -d - 102. What are the prime factors of d?
307
Let o = 10 - 7. Suppose -5*d - o*a = 6, -2*a - 1 = 2*d + 3. Suppose d = -3*p + 28 + 38. What are the prime factors of p?
2, 11
Let w(h) = 2*h**3 + 5*h**2 + 32*h - 223. What are the prime factors of w(9)?
2, 241
Let r(c) = -9*c + 0*c - 27 + 8 - 63. List the prime factors of r(-19).
89
Let h be (-3 - 3)*(-4)/12. Suppose -5*m - 13 + 3 = 0, 0 = -2*i - h*m + 14. What are the prime factors of 514/4 - i/(-18)?
3, 43
Let w(u) = 92*u**2 + 11*u + 100. List the prime factors of w(14).
2, 41, 223
Let r = 139 - 135. Suppose 2*o + 5*t = -0*o + 143, t + 297 = r*o. List the prime factors of o.
2, 37
Let f be (-3)/(-12) + (1 - 0)/(-4). Suppose f = -5*y + 1744 - 94. What are the prime factors of y?
2, 3, 5, 11
Let p be (6 - (53 + -5))*-13. Suppose -8*o - p + 2266 = 0. List the prime factors of o.
5, 43
Let x(n) = -42*n**3 - 15*n**2 - 19*n + 36. What are the prime factors of x(-9)?
2, 3, 5, 7, 47
Let r(b) = -35*b + 42. Let q(v) = 176*v - 209. Let n(x) = -2*q(x) - 11*r(x). What are the prime factors of n(13)?
5, 7, 11
Let x be 6/(-27) - (-4)/18. Let f = 250 + -133. Suppose x = 5*z - f + 12. What are the prime factors of z?
3, 7
Let n = 125572 + -72896. List the prime factors of n.
2, 13, 1013
Let d(j) = -4*j**3 + 24*j**2 + j + 232. What are the prime factors of d(-16)?
2, 2843
Let t be ((-22)/(-33))/((-4)/(-42)). Let v(k) = -k**3 + 7*k**2 + 2*k + 7. Let g be v(t). Let f = g + -2. What are the prime factors of f?
19
Let g(x) = 9*x - 17. Let b be g(6). Let q(t) = 14*t - 24. List the prime factors of q(b).
2, 13, 19
Let c be 1/5 - (-414)/30. What are the prime factors of -3 + 139 + c + -12?
2, 3, 23
Let h(j) be the third derivative of 37*j**5/20 - 11*j**4/24 + 19*j**3/6 - 35*j**2. List the prime factors of h(2).
3, 7
Let j be 2/(-3) - 56/(-12). Let z = 1201 - 1192. Suppose 0 = -3*i - z, 0 = p + j*i - 81 - 32. List the prime factors of p.
5
Suppose 753*i + 24305 = 758*i. What are the prime factors of i?
4861
Suppose -i = -4*i, 5*x - 5*i = -700. Let b = 144 + x. Suppose -3*n + 103 = -0*n + b*s, 0 = 3*n + s - 100. What are the prime factors of n?
3, 11
Let q = 555 + 168. Suppose c - 5*c + 5*f = -962, -3*f - q = -3*c. What are the prime factors of c?
3
Let m be (((-10)/25)/1)/((-2)/960). Suppose 4*l + 272 = 2*a, 5*a - 32 = 5*l + 308. Let x = m - l. List the prime factors of x.
2, 5, 13
Let t = -828 + 816. List the prime factors of (-8)/t*16020/12.
2, 5, 89
Suppose 0 = 4*h - 15*h + 814. Let s = 585 - h. What are the prime factors of s?
7, 73
Suppose -54*w = -55*w + 423. Let n = 65 + w. What are the prime factors of n?
2, 61
Let v be 2373/39 - 6/(-39). Suppose -v = -4*g + 83. Let l = g - -57. List the prime factors of l.
3, 31
Suppose 4*c + 9172 = 2*b, 13*c - 18*c = -25. List the prime factors of (-6*15/(-27))/(8/b).
5, 383
List the prime factors of (-1210451)/(-88) + (-2 - (-31)/8 - 2).
3, 5, 7, 131
Let u(w) = w**3 - 59*w**2 - 99*w - 171. What are the prime factors of u(65)?
2, 3, 11, 71
Let d be (147/28)/((-9)/(-24)). Let s(a) = a**3 + a**2. Let m be s(0). What are the prime factors of m - (-3102)/d - 3/(-7)?
2, 3, 37
Let g be (2/(-8))/(0 - (-10)/80). List the prime factors of 8/14 - (35460/(-28) - g).
5, 11, 23
Let l(q) = 2817*q + 67634. W